{"id":14,"date":"2020-01-22T08:07:55","date_gmt":"2020-01-22T08:07:55","guid":{"rendered":"http:\/\/remsecker-waldlauf.de\/?page_id=14"},"modified":"2026-04-20T15:32:53","modified_gmt":"2026-04-20T15:32:53","slug":"schirmherr","status":"publish","type":"page","link":"https:\/\/remsecker-waldlauf.de\/?page_id=14","title":{"rendered":"Schirmherr"},"content":{"rendered":"\n<p>Liebe L\u00e4uferinnen und L\u00e4ufer,<br>sehr geehrte G\u00e4ste,<br>liebe Mitglieder und Freunde des SGV Hochdorf,<\/p>\n\n\n\n<p>ich freue mich sehr, Sie alle herzlich zum Remsecker Waldlauf begr\u00fc\u00dfen zu d\u00fcrfen. Mein besonderer Dank gilt dem SGV Hochdorf, der mit gro\u00dfem Engagement und viel ehrenamtlichem Einsatz diese&nbsp;seit einigen Jahren statt findende&nbsp;Veranstaltung organisiert und damit einen wichtigen Beitrag zum sportlichen und gemeinschaftlichen Leben in unserer Stadt leistet.<\/p>\n\n\n\n<div class=\"wp-block-group is-nowrap is-layout-flex wp-container-core-group-is-layout-ad2f72ca wp-block-group-is-layout-flex\">\n<p class=\"has-text-align-left\">Der Waldlauf verbindet Bewegung in der Natur mit sportlichem Ehrgeiz und einem starken Gemeinschaftsgef\u00fchl. Gerade unsere wundersch\u00f6nen W\u00e4lder rund um Remseck bieten daf\u00fcr die ideale Kulisse. Ob ambitionierte L\u00e4uferinnen und L\u00e4ufer, Nachwuchssportlerinnen und -sportler oder Freizeitsportler \u2013 der Remsecker Waldlauf bringt Menschen aller Generationen zusammen und zeigt, wie verbindend Sport sein kann.<\/p>\n<\/div>\n\n\n\n<p>Mein Dank gilt neben dem Organisationsteam auch allen Helferinnen und Helfern, den Sponsoren sowie den vielen Unterst\u00fctzerinnen und Unterst\u00fctzern, ohne die eine solche Veranstaltung nicht m\u00f6glich w\u00e4re.<\/p>\n\n\n<div class=\"wp-block-image is-resized\">\n<figure class=\"alignright size-full\"><img loading=\"lazy\" decoding=\"async\" width=\"624\" height=\"624\" src=\"https:\/\/remsecker-waldlauf.de\/wp-content\/uploads\/2022\/03\/OB-Schoenberger-Foto.jpg\" alt=\"\" class=\"wp-image-787\" style=\"aspect-ratio:1;width:172px;height:auto\" srcset=\"https:\/\/remsecker-waldlauf.de\/wp-content\/uploads\/2022\/03\/OB-Schoenberger-Foto.jpg 624w, https:\/\/remsecker-waldlauf.de\/wp-content\/uploads\/2022\/03\/OB-Schoenberger-Foto-300x300.jpg 300w, https:\/\/remsecker-waldlauf.de\/wp-content\/uploads\/2022\/03\/OB-Schoenberger-Foto-150x150.jpg 150w, https:\/\/remsecker-waldlauf.de\/wp-content\/uploads\/2022\/03\/OB-Schoenberger-Foto-1x1.jpg 1w\" sizes=\"auto, (max-width: 624px) 100vw, 624px\" \/><figcaption class=\"wp-element-caption\">Oberb\u00fcrgermeister der Stadt Remseck am Neckar<br>Dirk Sch\u00f6nberger<\/figcaption><\/figure><\/div>\n\n\n<p>Allen Teilnehmerinnen und Teilnehmern w\u00fcnsche ich viel Erfolg und vor allem Freude am Laufen. Genie\u00dfen Sie die Strecke, die Natur und die besondere Atmosph\u00e4re dieses Laufs.<\/p>\n\n\n\n<p>Ich w\u00fcnsche dem Remsecker Waldlauf einen erfolgreichen Verlauf und allen Beteiligten einen sch\u00f6nen&nbsp;Tag.<\/p>\n\n\n\n<p>Herzliche Gr\u00fc\u00dfe<\/p>\n\n\n\n<figure class=\"wp-block-image size-full is-resized\"><img loading=\"lazy\" decoding=\"async\" width=\"997\" height=\"185\" src=\"https:\/\/remsecker-waldlauf.de\/wp-content\/uploads\/2022\/03\/Sig.-SchA\u00b6nberger-141215_farbig_v2_freigestellt.png\" alt=\"\" class=\"wp-image-789\" style=\"aspect-ratio:5.389189189189189;width:318px;height:auto\" srcset=\"https:\/\/remsecker-waldlauf.de\/wp-content\/uploads\/2022\/03\/Sig.-SchA\u00b6nberger-141215_farbig_v2_freigestellt.png 997w, https:\/\/remsecker-waldlauf.de\/wp-content\/uploads\/2022\/03\/Sig.-SchA\u00b6nberger-141215_farbig_v2_freigestellt-300x56.png 300w, https:\/\/remsecker-waldlauf.de\/wp-content\/uploads\/2022\/03\/Sig.-SchA\u00b6nberger-141215_farbig_v2_freigestellt-768x143.png 768w, https:\/\/remsecker-waldlauf.de\/wp-content\/uploads\/2022\/03\/Sig.-SchA\u00b6nberger-141215_farbig_v2_freigestellt-5x1.png 5w\" sizes=\"auto, (max-width: 997px) 100vw, 997px\" \/><\/figure>\n\n\n\n<p>Dirk Sch\u00f6nberger<br>Oberb\u00fcrgermeister der Stadt Remseck am Neckar<\/p>\n\n\n\n<hr class=\"wp-block-separator has-text-color has-luminous-vivid-amber-color has-alpha-channel-opacity has-luminous-vivid-amber-background-color has-background is-style-wide\"\/>\n\n\n\n<p class=\"has-cyan-bluish-gray-background-color has-background\"><a href=\"mailto:info@remsecker-waldlauf.de\"><strong>info@remsecker-waldlauf.de<\/strong><\/a><\/p>\n","protected":false},"excerpt":{"rendered":"<p>Liebe L\u00e4uferinnen und L\u00e4ufer,sehr geehrte G\u00e4ste,liebe Mitglieder und Freunde des SGV Hochdorf, ich freue mich sehr, Sie alle herzlich zum Remsecker Waldlauf begr\u00fc\u00dfen zu d\u00fcrfen. Mein besonderer Dank gilt dem SGV Hochdorf, der mit gro\u00dfem Engagement und viel ehrenamtlichem Einsatz diese&nbsp;seit einigen Jahren statt findende&nbsp;Veranstaltung organisiert und damit einen wichtigen Beitrag zum sportlichen und gemeinschaftlichen [&hellip;]<\/p>\n","protected":false},"author":1,"featured_media":0,"parent":0,"menu_order":0,"comment_status":"closed","ping_status":"closed","template":"","meta":{"pgc_sgb_lightbox_settings":"","two_page_speed":[],"footnotes":""},"class_list":["post-14","page","type-page","status-publish","hentry"],"_links":{"self":[{"href":"https:\/\/remsecker-waldlauf.de\/index.php?rest_route=\/wp\/v2\/pages\/14","targetHints":{"allow":["GET"]}}],"collection":[{"href":"https:\/\/remsecker-waldlauf.de\/index.php?rest_route=\/wp\/v2\/pages"}],"about":[{"href":"https:\/\/remsecker-waldlauf.de\/index.php?rest_route=\/wp\/v2\/types\/page"}],"author":[{"embeddable":true,"href":"https:\/\/remsecker-waldlauf.de\/index.php?rest_route=\/wp\/v2\/users\/1"}],"replies":[{"embeddable":true,"href":"https:\/\/remsecker-waldlauf.de\/index.php?rest_route=%2Fwp%2Fv2%2Fcomments&post=14"}],"version-history":[{"count":32,"href":"https:\/\/remsecker-waldlauf.de\/index.php?rest_route=\/wp\/v2\/pages\/14\/revisions"}],"predecessor-version":[{"id":2952,"href":"https:\/\/remsecker-waldlauf.de\/index.php?rest_route=\/wp\/v2\/pages\/14\/revisions\/2952"}],"wp:attachment":[{"href":"https:\/\/remsecker-waldlauf.de\/index.php?rest_route=%2Fwp%2Fv2%2Fmedia&parent=14"}],"curies":[{"name":"wp","href":"https:\/\/api.w.org\/{rel}","templated":true}]}}

<p>Liebe Läuferinnen und Läufer,<br>sehr geehrte Gäste,<br>liebe Mitglieder und Freunde des SGV Hochdorf,</p>



<p>ich freue mich sehr, Sie alle herzlich zum Remsecker Waldlauf begrüßen zu dürfen. Mein besonderer Dank gilt dem SGV Hochdorf, der mit großem Engagement und viel ehrenamtlichem Einsatz diese&nbsp;seit einigen Jahren statt findende&nbsp;Veranstaltung organisiert und damit einen wichtigen Beitrag zum sportlichen und gemeinschaftlichen Leben in unserer Stadt leistet.</p>



<div class="wp-block-group is-nowrap is-layout-flex wp-container-core-group-is-layout-ad2f72ca wp-block-group-is-layout-flex">
<p class="has-text-align-left">Der Waldlauf verbindet Bewegung in der Natur mit sportlichem Ehrgeiz und einem starken Gemeinschaftsgefühl. Gerade unsere wunderschönen Wälder rund um Remseck bieten dafür die ideale Kulisse. Ob ambitionierte Läuferinnen und Läufer, Nachwuchssportlerinnen und -sportler oder Freizeitsportler – der Remsecker Waldlauf bringt Menschen aller Generationen zusammen und zeigt, wie verbindend Sport sein kann.</p>
</div>



<p>Mein Dank gilt neben dem Organisationsteam auch allen Helferinnen und Helfern, den Sponsoren sowie den vielen Unterstützerinnen und Unterstützern, ohne die eine solche Veranstaltung nicht möglich wäre.</p>


<div class="wp-block-image is-resized">
<figure class="alignright size-full"><img loading="lazy" decoding="async" width="624" height="624" src="https://remsecker-waldlauf.de/wp-content/uploads/2022/03/OB-Schoenberger-Foto.jpg" alt="" class="wp-image-787" style="aspect-ratio:1;width:172px;height:auto" srcset="https://remsecker-waldlauf.de/wp-content/uploads/2022/03/OB-Schoenberger-Foto.jpg 624w, https://remsecker-waldlauf.de/wp-content/uploads/2022/03/OB-Schoenberger-Foto-300x300.jpg 300w, https://remsecker-waldlauf.de/wp-content/uploads/2022/03/OB-Schoenberger-Foto-150x150.jpg 150w, https://remsecker-waldlauf.de/wp-content/uploads/2022/03/OB-Schoenberger-Foto-1x1.jpg 1w" sizes="auto, (max-width: 624px) 100vw, 624px" /><figcaption class="wp-element-caption">Oberbürgermeister der Stadt Remseck am Neckar<br>Dirk Schönberger</figcaption></figure></div>


<p>Allen Teilnehmerinnen und Teilnehmern wünsche ich viel Erfolg und vor allem Freude am Laufen. Genießen Sie die Strecke, die Natur und die besondere Atmosphäre dieses Laufs.</p>



<p>Ich wünsche dem Remsecker Waldlauf einen erfolgreichen Verlauf und allen Beteiligten einen schönen&nbsp;Tag.</p>



<p>Herzliche Grüße</p>



<figure class="wp-block-image size-full is-resized"><img loading="lazy" decoding="async" width="997" height="185" src="https://remsecker-waldlauf.de/wp-content/uploads/2022/03/Sig.-SchA¶nberger-141215_farbig_v2_freigestellt.png" alt="" class="wp-image-789" style="aspect-ratio:5.389189189189189;width:318px;height:auto" srcset="https://remsecker-waldlauf.de/wp-content/uploads/2022/03/Sig.-SchA¶nberger-141215_farbig_v2_freigestellt.png 997w, https://remsecker-waldlauf.de/wp-content/uploads/2022/03/Sig.-SchA¶nberger-141215_farbig_v2_freigestellt-300x56.png 300w, https://remsecker-waldlauf.de/wp-content/uploads/2022/03/Sig.-SchA¶nberger-141215_farbig_v2_freigestellt-768x143.png 768w, https://remsecker-waldlauf.de/wp-content/uploads/2022/03/Sig.-SchA¶nberger-141215_farbig_v2_freigestellt-5x1.png 5w" sizes="auto, (max-width: 997px) 100vw, 997px" /></figure>



<p>Dirk Schönberger<br>Oberbürgermeister der Stadt Remseck am Neckar</p>



<hr class="wp-block-separator has-text-color has-luminous-vivid-amber-color has-alpha-channel-opacity has-luminous-vivid-amber-background-color has-background is-style-wide"/>



<p class="has-cyan-bluish-gray-background-color has-background"><a href="mailto:info@remsecker-waldlauf.de"><strong>info@remsecker-waldlauf.de</strong></a></p>

<p>Liebe Läuferinnen und Läufer,sehr geehrte Gäste,liebe Mitglieder und Freunde des SGV Hochdorf, ich freue mich sehr, Sie alle herzlich zum Remsecker Waldlauf begrüßen zu dürfen. Mein besonderer Dank gilt dem SGV Hochdorf, der mit großem Engagement und viel ehrenamtlichem Einsatz diese&nbsp;seit einigen Jahren statt findende&nbsp;Veranstaltung organisiert und damit einen wichtigen Beitrag zum sportlichen und gemeinschaftlichen [&hellip;]</p>
